 prime factors of 982.
2, 491
List the prime factors of 2300.
2, 5, 23
What are the prime factors of 904?
2, 113
What are the prime factors of 18173?
17, 1069
List the prime factors of 32305.
5, 7, 13, 71
List the prime factors of 11284.
2, 7, 13, 31
What are the prime factors of 1128?
2, 3, 47
List the prime factors of 3875.
5, 31
List the prime factors of 7507.
7507
List the prime factors of 28992.
2, 3, 151
What are the prime factors of 54291?
3, 18097
What are the prime factors of 1882?
2, 941
List the prime factors of 4277.
7, 13, 47
What are the prime factors of 10900?
2, 5, 109
What are the prime factors of 55161?
3, 227
What are the prime factors of 1216?
2, 19
What are the prime factors of 2505?
3, 5, 167
What are the prime factors of 138381?
3, 193, 239
What are the prime factors of 3536?
2, 13, 17
What are the prime factors of 57219?
3, 19073
List the prime factors of 42772.
2, 17, 37
What are the prime factors of 3125?
5
What are the prime factors of 316?
2, 79
What are the prime factors of 52?
2, 13
What are the prime factors of 6244?
2, 7, 223
List the prime factors of 4644.
2, 3, 43
List the prime factors of 893.
19, 47
List the prime factors of 1024.
2
List the prime factors of 28807.
28807
What are the prime factors of 70299?
3, 73, 107
List the prime factors of 12662.
2, 13, 487
What are the prime factors of 12255?
3, 5, 19, 43
What are the prime factors of 49584?
2, 3, 1033
What are the prime factors of 1382?
2, 691
What are the prime factors of 667?
23, 29
What are the prime factors of 7743?
3, 29, 89
List the prime factors of 423.
3, 47
List the prime factors of 8040.
2, 3, 5, 67
List the prime factors of 2145.
3, 5, 11, 13
List the prime factors of 7900.
2, 5, 79
What are the prime factors of 48869?
48869
What are the prime factors of 180?
2, 3, 5
List the prime factors of 2521.
2521
List the prime factors of 397.
397
What are the prime factors of 2227?
17, 131
List the prime factors of 634.
2, 317
What are the prime factors of 95297?
233, 409
List the prime factors of 104998.
2, 47, 1117
List the prime factors of 1018.
2, 509
List the prime factors of 7076.
2, 29, 61
List the prime factors of 1846.
2, 13, 71
What are the prime factors of 78?
2, 3, 13
List the prime factors of 37754.
2, 43, 439
What are the prime factors of 3249?
3, 19
List the prime factors of 2383.
2383
What are the prime factors of 3092?
2, 773
List the prime factors of 229.
229
What are the prime factors of 90?
2, 3, 5
What are the prime factors of 56504?
2, 7, 1009
What are the prime factors of 46738?
2, 23369
List the prime factors of 3703.
7, 23
List the prime factors of 6787.
11, 617
List the prime factors of 6692.
2, 7, 239
What are the prime factors of 138091?
17, 8123
List the prime factors of 1209.
3, 13, 31
List the prime factors of 824.
2, 103
What are the prime factors of 6590?
2, 5, 659
What are the prime factors of 4943?
4943
What are the prime factors of 49189?
7, 7027
What are the prime factors of 1057?
7, 151
List the prime factors of 81110.
2, 5, 8111
List the prime factors of 453.
3, 151
What are the prime factors of 42912?
2, 3, 149
List the prime factors of 62162.
2, 31081
What are the prime factors of 24400?
2, 5, 61
What are the prime factors of 1303?
1303
List the prime factors of 21305.
5, 4261
What are the prime factors of 469?
7, 67
List the prime factors of 7953.
3, 11, 241
List the prime factors of 36201.
3, 11, 1097
What are the prime factors of 30154?
2, 15077
What are the prime factors of 79171?
41, 1931
What are the prime factors of 3665?
5, 733
List the prime factors of 161.
7, 23
What are the prime factors of 6470?
2, 5, 647
What are the prime factors of 3943?
3943
What are the prime factors of 38957?
163, 239
What are the prime factors of 12531?
3, 4177
What are the prime factors of 15622?
2, 73, 107
List the prime factors of 5244.
2, 3, 19, 23
List the prime factors of 63741.
3, 21247
What are the prime factors of 96313?
7, 13759
What are the prime factors of 4479?
3, 1493
What are the prime factors of 4044?
2, 3, 337
What are the prime factors of 28768?
2, 29, 31
List the prime factors of 863.
863
What are the prime factors of 3852?
2, 3, 107
List the prime factors of 21026.
2, 10513
What are the prime factors of 685?
5, 137
What are the prime factors of 4400?
2, 5, 11
What are the prime factors of 26702?
2, 13, 79
List the prime factors of 905.
5, 181
What are the prime factors of 1333?
31, 43
What are the prime factors of 14992?
2, 937
List the prime factors of 19868.
2, 4967
What are the prime factors of 12653?
12653
What are the prime factors of 15242?
2, 7621
What are the prime factors of 6696?
2, 3, 31
What are the prime factors of 9897?
3, 3299
List the prime factors of 18878.
2, 9439
What are the prime factors of 1680?
2, 3, 5, 7
List the prime factors of 36178.
2, 18089
List the prime factors of 772.
2, 193
What are the prime factors of 4859?
43, 113
List the prime factors of 9396.
2, 3, 29
What are the prime factors of 12453?
3, 7, 593
List the prime factors of 92918.
2, 7, 6637
What are the prime factors of 108240?
2, 3, 5, 11, 41
What are the prime factors of 2955?
3, 5, 197
List the prime factors of 2053.
2053
What are the prime factors of 6211?
6211
What are the prime factors of 7284?
2, 3, 607
What are the prime factors of 2793?
3, 7, 19
What are the prime factors of 374?
2, 11, 17
What are the prime factors of 6191?
41, 151
List the prime factors of 307.
307
List the prime factors of 3150.
2, 3, 5, 7
What are the prime factors of 2566?
2, 1283
What are the prime factors of 141909?
3, 47303
List the prime factors of 12201.
3, 7, 83
What are the prime factors of 1019?
1019
What are the prime factors of 4654?
2, 13, 179
List the prime factors of 1804.
2, 11, 41
List the prime factors of 112594.
2, 19, 2963
List the prime factors of 70542.
2, 3, 3919
List the prime factors of 504.
2, 3, 7
List the prime factors of 2389.
2389
List the prime factors of 49038.
2, 3, 11, 743
List the prime factors of 52378.
2, 26189
List the prime factors of 420.
2, 3, 5, 7
List the prime factors of 10966.
2, 5483
List the prime factors of 10675.
5, 7, 61
What are the prime factors of 484?
2, 11
List the prime factors of 1378.
2, 13, 53
What are the prime factors of 590?
2, 5, 59
List the prime factors of 2487.
3, 829
What are the prime factors of 7688?
2, 31
List the prime factors of 9331.
7, 31, 43
What are the prime factors of 9087?
3, 13, 233
List the prime factors of 24421.
24421
What are the prime factors of 42782?
2, 21391
List the prime factors of 7186.
2, 3593
List the prime factors of 515.
5, 103
List the prime factors of 139855.
5, 83, 337
What are the prime factors of 783?
3, 29
List the prime factors of 13151.
13151
What are the prime factors of 197291?
83, 2377
List the prime factors of 108995.
5, 21799
What are the prime factors of 12188?
2, 11, 277
List the prime factors of 2995.
5, 599
List the prime factors of 3398.
2, 1699
List the prime factors of 30303.
3, 7, 13, 37
What are the prime factors of 864?
2, 3
What are the prime factors of 11973?
3, 13, 307
What are the prime factors of 116743?
11, 10613
What are the prime factors of 56069?
13, 19, 227
What are the prime factors of 7163?
13, 19, 29
List the prime factors of 1593.
3, 59
What are the prime factors of 39333?
3, 7, 1873
List the prime factors of 383.
383
What are the prime factors of 1030?
2, 5, 103
List the prime factors of 698.
2, 349
List the prime factors of 18463.
37, 499
What are the prime factors of 469?
7, 67
What are the prime factors of 1673?
7, 239
What are the prime factors of 15791?
15791
List the prime factors of 7571.
67, 113
List the prime factors of 3971.
11, 19
What are the prime factors of 22980?
2, 3, 5, 383
List the prime factors of 12224.
2, 191
List the prime factors of 1451.
1451
List the prime factors of 88911.
3, 37, 89
What are the prime factors of 3?
3
What are the prime factors of 61655?
5, 11, 19, 59
List the prime factors of 206.
2, 103
What are the prime factors of 3479?
7, 71
What are the prime factors of 2014?
2, 19, 53
What are the prime factors of 4479?
3, 1493
What are the prime factors of 142616?
2, 17827
What are the prime factors of 8297?
8297
List the prime factors of 25905.
3, 5, 11, 157
List the pr